)/(-7)). Calculate the highest common divisor of 256 and d.
32
Let z(s) = 8*s**2 - 4*s + 5. Let x be z(5). Let k = x + -89. What is the highest common factor of 24 and k?
24
Suppose -7 + 2 = 5*a. Let z(u) be the first derivative of -3*u**4/4 - 2*u**3/3 + u + 1. Let s be z(a). What is the highest common factor of 8 and s?
2
Let d(i) = i**2 - 2*i - 3. Let v be d(4). Suppose 7*m - 4*m + 117 = v*l, 38 = 2*l + m. Calculate the highest common divisor of 231 and l.
21
Let n = 9 - 1. Let i(r) = 2*r**2 - 5*r + 4. Let k be 1/(-3) - (-39)/9. Let y be i(k). Calculate the highest common factor of n and y.
8
Suppose -y - 18 + 102 = 0. What is the highest common factor of 21 and y?
21
Let u(c) = 7*c - 7. Let w be u(2). What is the highest common factor of w and 35?
7
Let s be (-4 + 26)/(4/2). Suppose 59 + 40 = -3*o. Let i be o/4*(0 + -4). Calculate the highest common divisor of s and i.
11
Let a be (-5)/(2 + -1 + -2). Suppose -24 - 36 = -a*r. What is the greatest common divisor of r and 4?
4
Let o(n) be the third derivative of -1/2*n**3 + 1/60*n**5 + 0 + 0*n + 1/8*n**4 + n**2. Let y be o(3). Calculate the highest common factor of 105 and y.
15
Suppose 4*z - 36 = -v + 609, 0 = 5*z + 4*v - 820. Let n be (-4)/14 + (-142)/(-7). What is the highest common factor of n and z?
20
Let b be 3/(6/44) + 2. Let s = -306 + 522. What is the greatest common divisor of b and s?
24
Suppose 85 = 5*g + 5*v, 5*v + 71 = 4*g - 15. Calculate the greatest common factor of 38 and g.
19
Let j(x) = 2*x - 3. Let u be j(2). Suppose 6*h = 5*h + 21. Suppose 4*s + 2 = -q + h, 0 = 2*s - 4*q - 14. What is the greatest common divisor of s and u?
1
Let v = 2 - -2. Let j be 6/v*(-296)/(-6). Suppose -2*f + 58 + j = 0. Calculate the greatest common divisor of f and 6.
6
Suppose 0 = -4*l + 2*l - 2*g + 34, 3*g = 3*l - 27. Let i(a) = 2*a - 2 + 3*a**3 - 5*a + 7*a. Let j be i(3). What is the greatest common factor of l and j?
13
Suppose -x + 2*p = 3*p - 17, -p - 39 = -3*x. What is the greatest common divisor of 42 and x?
14
Let r = 8 + 9. Suppose 7 = 4*o - 3*o. Let w(b) = b**3 - 4*b**2 - 10*b + 8. Let x be w(o). What is the greatest common divisor of r and x?
17
Let i be 25*(2 - 80/(-25)). What is the greatest common divisor of 52 and i?
26
Let z = 24 - 16. Calculate the highest common factor of z and 64.
8
Let g = -47 - 5. Let b = g + 88. Suppose -2*i - b = -5*i + 5*l, 3*i + 2*l = 15. What is the greatest common factor of i and 14?
7
Suppose 5*x + 2*z - 60 = 0, -3*z = 7*x - 2*x - 60. Let b be (x/8)/((-3)/(-34)). Calculate the highest common divisor of b and 187.
17
Let l(g) = -g**2 - 8*g - 10. Let y be l(-5). Suppose -y*i = -9 - 111. Calculate the highest common factor of i and 12.
12
Let y = -63 + 123. Let t be -2 + y + 3 - -2. Let i = -11 - -18. Calculate the highest common divisor of t and i.
7
Let g(f) = 3*f**3 + 3*f**2 - 3*f + 1. Let i be g(1). What is the highest common factor of i and 20?
4
Suppose f = -3*n - f - 42, 0 = -f. Let s = n - -26. Suppose -s = -0*b - 2*b. Calculate the greatest common divisor of b and 54.
6
Suppose 2*l = -3*l. Suppose -3*h + 71 + 229 = l. Suppose 0 = -4*p - p + h. Calculate the greatest common factor of 30 and p.
10
Let g be (132/8)/(6/4). What is the highest common divisor of g and 88?
11
Suppose 3*o + 3*r + 3 = 24, 8 = -4*o + 5*r. Let p be (6 - o) + -1 + 2. Suppose -j - 2 = -p. Calculate the highest common factor of 5 and j.
1
Let d be (-9 - -8)/(3/(-33)). What is the highest common factor of 77 and d?
11
Suppose l - 62 = -s - s, 0 = 5*s + 2*l - 154. Calculate the highest common divisor of s and 270.
30
Let b = -10 + 3. Let i = b - -22. Let q = 48 - -27. Calculate the greatest common divisor of i and q.
15
Suppose -5*z + 21 = -2*z. Let q(p) = -p**2 - 4*p + 4*p**3 + 1 - p**2 - 2. Let d be q(3). What is the highest common factor of d and z?
7
Suppose -27*l - 165 = -32*l. Calculate the greatest common factor of l and 3.
3
Let u = 9 - 8. Let z be (-6)/(19/22 - u). What is the greatest common divisor of 110 and z?
22
Let y(v) = -9*v + 3. Let n = -6 + 0. Let g be y(n). Suppose -g = 4*u - 161. Calculate the highest common factor of 65 and u.
13
Let o be (132/1)/((-4)/10). Let r be ((-4)/(-3))/((-4)/o). What is the greatest common divisor of r and 10?
10
Suppose 4*i + 2 = -g, -6*i - 20 = g - 11*i. Let d = -5 - g. Let w = 16 - -29. What is the highest common divisor of w and d?
5
Let a(t) = t + 35. Let w be a(0). Suppose -2*v - 13 = -w. Suppose 3*u + 9 = 0, 78 = 3*h - 2*u - 2*u. Calculate the greatest common divisor of v and h.
11
Suppose -m - 3 = -5. Let b be m - 3 - -28 - 1. Suppose -k + 5*k - 161 = c, -5*k - 3*c = -180. What is the greatest common divisor of k and b?
13
Suppose 3*k - 9 = 0, 2*k + 23 = 4*h + 7*k. Suppose t + 2 = 2*t. Calculate the greatest common divisor of t and h.
2
Let b(v) = v - 1. Let a(g) = -10*g**2 + 8*g + 19 + 1 - 7 + g**3. Let k be a(9). Let f be b(k). Calculate the highest common divisor of 3 and f.
3
Let y(g) = g**3 + 13*g**2 - 15*g + 12. Let x be y(-14). Calculate the highest common divisor of x and 2.
2
Let s be (-408)/(-32) - (2 - (-9)/(-4)). Calculate the greatest common factor of s and 91.
13
Let z be 1*(-15)/(-10)*-2 - -115. Suppose -24 + 4 = -5*m. Let t(w) = w**2 - w + 2. Let v be t(m). Calculate the highest common factor of z and v.
14
Suppose -4*p + 49 + 119 = 0. Let t = -89 + 152. Calculate the greatest common divisor of t and p.
21
Let g = 1 - -1. Let z(i) = 5*i + 26. Let t be z(-4). What is the greatest common factor of t and g?
2
Let y(w) = -2*w - 6. Let x be y(-6). Let s = 8 - 3. Suppose 5*u - 110 = -x*a + a, 2*u = s*a - 82. Calculate the highest common factor of 45 and a.
9
Let a(o) = 27*o - 6. Let z be a(-7). Let q = z + 307. Calculate the highest common factor of q and 16.
16
Suppose 3*x = -2*g + 44, 0 = g + 4*g + 25. Suppose 3*w + 3*r = x, 44 = w + 3*w - r. Let t = w + 4. What is the highest common factor of t and 28?
14
Let h(m) = -m**3 + 5*m**2 + 2*m + 10. Let z be h(5). What is the highest common factor of z and 140?
20
Let t = 36 - -24. Calculate the highest common divisor of t and 30.
30
Let k = -3 + 5. Let m(f) = 3*f - 3. Let n be m(k). Calculate the greatest common factor of n and 3.
3
Let w be 6/(0 - -2) + -1. Let c = 14 + -25. Let h = c - -19. What is the highest common factor of w and h?
2
Suppose -2*u = 3*o + 5 + 12, -2*o + 32 = -3*u. Let h be (2*10)/(u/(-40)). What is the highest common divisor of h and 10?
10
Let p(y) = 7*y - 11. Let d be p(6). Calculate the highest common divisor of 93 and d.
31
Suppose -4*l + 175 = 3*j - 193, -5*j + 5*l = -590. Calculate the greatest common factor of j and 20.
20
Let r(y) = 4*y + 3 - 2*y + 2*y + 4*y. Let u be r(8). Let l = -16 + u. What is the highest common factor of 17 and l?
17
Let t be 3/3 + 11 + -1. Let s(l) = -3*l - 44. Let y be s(-15). Calculate the highest common divisor of y and t.
1
Let x = -16 + 26. Let y(l) = 19*l**3 - 1. Let i be y(1). Suppose -a - 5*r + 10 = 0, -4*a - 5*r - i + 103 = 0. What is the highest common divisor of x and a?
5
Suppose 5*r - 3*r - 5 = -o, 5*r = 3*o + 7. Calculate the highest common divisor of 3 and r.
1
Suppose -5*l + 1 = -9. Let x be 3 + 19 - l - 3. Suppose -85 = d - 6*d. Calculate the greatest common divisor of x and d.
17
Suppose 0*m + 55 = 5*m. What is the greatest common divisor of 22 and m?
11
Let o be 34 + -1 + -1 + 2. What is the highest common factor of 85 and o?
17
Suppose 3*s - 80 = -w, 5*s - 3*w + 9 = 147. Suppose 322 = 4*d + 2*q, -4*q - 407 = -5*d - 2*q. Calculate the greatest common factor of d and s.
27
Let p be (2/(-5))/(1/(-60)). What is the greatest common factor of 24 and p?
24
Let l(m) = -16*m**2 + m - 3. Let d(h) = -31*h**2 + 3*h - 7. Let a(g) = 2*d(g) - 5*l(g). Let t be a(-1). What is the highest common divisor of t and 12?
6
Let k be -4 - -4 - -22 - 4. What is the highest common factor of 27 and k?
9
Suppose 1 = -j + 3. Suppose 288 = 5*u - j*s, 61 = u + s + 9. Calculate the highest common factor of 8 and u.
8
Let j = 19 + 93. Calculate the highest common divisor of 28 and j.
28
Let u(a) = 55*a**2 + 3*a + 3. Let d be u(-2). Calculate the greatest common factor of 31 and d.
31
Let m = -4 - -4. Suppose m = 5*x - 3*f + f - 575, -2*x + 3*f + 219 = 0. Suppose -3*l = l - 52. What is the greatest common divisor of l and x